of 1004898465?
0
What is the thousands digit of 60000714?
0
What is the ten millions digit of 127668177?
2
What is the millions digit of 151911644?
1
What is the millions digit of 189291242?
9
What is the hundred millions digit of 967112556?
9
What is the ten millions digit of 59653815?
5
What is the hundreds digit of 330095802?
8
What is the tens digit of 92486134?
3
What is the billions digit of 2799783686?
2
What is the millions digit of 93766409?
3
What is the thousands digit of 31011247?
1
What is the units digit of 83531923?
3
What is the thousands digit of 435191090?
1
What is the ten thousands digit of 439351049?
5
What is the ten thousands digit of 682568648?
6
What is the tens digit of 1434320513?
1
What is the millions digit of 109112664?
9
What is the ten millions digit of 22882677?
2
What is the ten thousands digit of 56333591?
3
What is the ten millions digit of 59902678?
5
What is the units digit of 1172298785?
5
What is the hundred thousands digit of 83048642?
0
What is the millions digit of 5125634949?
5
What is the ten millions digit of 17466879?
1
What is the units digit of 21913093?
3
What is the thousands digit of 77463739?
3
What is the billions digit of 1503546390?
1
What is the ten thousands digit of 575151361?
5
What is the millions digit of 407425226?
7
What is the units digit of 5756136081?
1
What is the ten thousands digit of 158013505?
1
What is the hundreds digit of 2296301046?
0
What is the units digit of 1927345187?
7
What is the hundred thousands digit of 5804820150?
8
What is the hundred millions digit of 160463404?
1
What is the ten millions digit of 1665033190?
6
What is the hundreds digit of 1120345744?
7
What is the ten thousands digit of 25234132?
3
What is the hundred thousands digit of 53413099?
4
What is the units digit of 6828535993?
3
What is the thousands digit of 1964836?
4
What is the thousands digit of 110513378?
3
What is the thousands digit of 40066092?
6
What is the hundred thousands digit of 22080227?
0
What is the hundred thousands digit of 433354530?
3
What is the units digit of 1937107387?
7
What is the ten millions digit of 178532695?
7
What is the millions digit of 465270221?
5
What is the ten millions digit of 26595640?
2
What is the ten thousands digit of 22438113?
3
What is the hundred thousands digit of 34315137?
3
What is the hundreds digit of 795434806?
8
What is the hundred thousands digit of 4250009?
2
What is the millions digit of 248591616?
8
What is the ten thousands digit of 156650460?
5
What is the billions digit of 5963450348?
5
What is the hundreds digit of 108122111?
1
What is the hundred millions digit of 758786865?
7
What is the thousands digit of 2013488270?
8
What is the tens digit of 106973397?
9
What is the ten thousands digit of 371124293?
2
What is the units digit of 30191558?
8
What is the hundreds digit of 505714961?
9
What is the thousands digit of 2858152857?
2
What is the ten millions digit of 1648897523?
4
What is the thousands digit of 403113709?
3
What is the billions digit of 3329392217?
3
What is the millions digit of 28597055?
8
What is the hundred millions digit of 687104793?
6
What is the billions digit of 1911533737?
1
What is the units digit of 929380211?
1
What is the hundreds digit of 84487173?
1
What is the millions digit of 325416470?
5
What is the thousands digit of 658553855?
3
What is the units digit of 2198877941?
1
What is the hundred thousands digit of 705764782?
7
What is the thousands digit of 2907815220?
5
What is the hundreds digit of 1819864461?
4
What is the hundred millions digit of 3193503563?
1
What is the hundred thousands digit of 10072091?
0
What is the ten millions digit of 1079141610?
7
What is the units digit of 86117882?
2
What is the hundreds digit of 4929239564?
5
What is the thousands digit of 79414393?
4
What is the hundreds digit of 80950342?
3
What is the hundred millions digit of 305833402?
3
What is the ten thousands digit of 63356535?
5
What is the hundred millions digit of 2377749214?
3
What is the ten thousands digit of 46700024?
0
What is the ten thousands digit of 185823982?
2
What is the hundred thousands digit of 842315333?
3
What is the thousands digit of 619786989?
6
What is the ten thousands digit of 1451389?
5
What is the thousands digit of 116657226?
7
What is the thousands digit of 73504963?
4
What is the tens digit of 184755340?
4
What is the ten millions digit of 84343413?
8
What is the hundred millions digit of 3967002293?
9
What is the tens digit of 50993532?
3
What is the millions digit of 24518951?
4
What is the hundred thousands digit of 19604226?
6
What is the thousands digit of 5017307657?
7
What is the tens digit of 3203717814?
1
What is the hundred thousands digit of 1090610100?
6
What is the units digit of 464912582?
2
What is the billions digit of 5119693095?
5
What is the hundred thousands digit of 492778885?
7
What is the tens digit of 266729113?
1
What is the hundreds digit of 157353052?
0
What is the ten thousands digit of 155862935?
6
What is the thousands digit of 1072958024?
8
What is the ten millions digit of 2996681565?
9
What is the thousands digit of 1687804152?
4
What is the units digit of 6118917063?
3
What is the ten millions digit of 160366603?
6
What is the tens digit of 143241956?
5
What is the ten thousands digit of 74123568?
2
What is the millions digit of 57026548?
7
What is the hundred millions digit of 379578766?
3
What is the hundreds digit of 65807991?
9
What is the thousands digit of 4921300860?
0
What is the hundreds digit of 493736195?
1
What is the ten thousands digit of 55867981?
6
What is the ten millions digit of 211425513?
1
What is the hundreds digit of 9311855?
8
What is the units digit of 4158509775?
5
What is the ten millions digit of 337286127?
3
What is the tens digit of 214910461?
6
What is the units digit of 78474383?
3
What is the thousands digit of 62071330?
1
What is the hundreds digit of 976386767?
7
What is the millions digit of 79123156?
9
What is the hundred millions digit of 130918746?
1
What is the hundred millions digit of 125773962?
1
What is the tens digit of 426630473?
7
What is the millions digit of 41535788?
1
What is the hundreds digit of 82207669?
6
What is the units digit of 933149839?
9
What is the units digit of 59972367?
7
What is the hundred millions digit of 121957408?
1
What is the units digit of 575950675?
5
What is the hundreds digit of 5258823019?
0
What is the billions digit of 5055493163?
5
What is the millions digit of 1189503095?
9
What is the thousands digit of 1097823593?
3
What is the hundreds digit of 2389023713?
7
What is the hundred thousands digit of 20988775?
9
What is the hundred millions digit of 3298800103?
2
What is the ten thousands digit of 284192191?
9
What is the tens digit of 68417411?
1
What is the hundred millions digit of 287568382?
2
What is the tens digit of 44081776?
7
What is the tens digit of 39344696?
9
What is the tens digit of 1581214535?
3
What is the units digit of 20595560?
0
What is the ten millions digit of 38748350?
3
What is the ten thousands digit of 70451679?
5
What is the hundreds digit of 654892650?
6
What is the units digit of 47544420?
0
What is the ten millions digit of 31132185?
3
What is the hundred thousands digit of 516208186?
2
What is the hundred thousands digit of 158386463?
3
What is the tens digit of 44328838?
3
What is the tens digit of 3035434591?
9
What is the ten millions digit of 7858560601?
5
What is the thousands digit of 41554064?
4
What is the ten millions digit of 19362638?
1
What is the ten millions digit of 93675045?
9
What is the hundred thousands digit of 274071297?
0
What is the thousands digit of 701935623?
5
What is the millions digit of 3277914979?
7
What is the tens digit of 13528174?
7
What is the units digit of 159011546?
6
What is the ten thousands digit of 835795630?
9
What is the thousands digit of 46377977?
7
What is the units digit of 376601124?
4
What is the hundred millions digit of 5162928284?
1
What is the millions digit of 355288463?
5
What is the units digit of 42066603?
3
What is the hundred millions digit of 176784628?
1
What is the thousands digit of 344693264?
3
What is the hundred millions digit of 197859655?
1
What is the hundre